q - 4*l = -22 - 22, l = -k. Let i = q + 26. What is the greatest common divisor of 60 and i?
12
Let p(a) = 3*a**2 + 314*a - 956. Let r be p(3). Calculate the highest common factor of 39013 and r.
13
Let y = -817 - -298. Let k = y + 529. Calculate the highest common divisor of 80 and k.
10
Suppose -2*p + 6 = -182*f + 184*f, -4*p - 4 = 0. Suppose x - 3*v - 33 - 111 = 0, f*v - 165 = -x. What is the greatest common divisor of 85 and x?
17
Suppose 16 = -10*n + 196. Suppose 5*a = 3*a - n. Let j(f) = -f + 12. Let t be j(a). Calculate the highest common factor of t and 168.
21
Suppose -3*h - 12 = 0, 4*h = -5*y - 0*h + 24. Suppose 0 = -3*f + y - 5. Let u be (4/8)/(f/440). What is the greatest common factor of u and 20?
20
Let h(w) = 4*w - 39. Let d be h(15). Let v be -6 + (-164)/(-28) - (-28479)/d. What is the greatest common factor of 12 and v?
12
Suppose 0 = -165*h + 118*h + 192324. What is the greatest common factor of 264 and h?
132
Suppose 65*c - 115*c + 900 = 0. What is the highest common factor of 2874 and c?
6
Let x(v) = -v**2 + 12*v - 16. Let r be x(9). Let g = 16 - r. Suppose 0 = g*s - 5, -3*s - 9 = -z. Calculate the highest common divisor of 36 and z.
12
Let t be 12/(((-28)/8)/(-7)). Suppose 0 = -23*q + t*q - 5. Suppose -4*h - 84 = -q*p, 6 = p + 2*h - 22. Calculate the greatest common factor of p and 220.
20
Let m be ((-54)/16)/(102/3808*-7). Calculate the greatest common factor of m and 3918.
6
Suppose 0 = -3*r - 3*t + 141, 0*r = r - 2*t - 41. Calculate the greatest common divisor of 12591 and r.
9
Suppose 0 = -4*b - 5*f + 44, 2*f = 8 - 0. Let c be 45*((-9)/(-5) - 1). Suppose -3*k = -6*k + c. What is the highest common factor of b and k?
6
Suppose g - 9 = 3*s - 26, s + g = -1. Suppose -3*p = -5*v - s*p + 311, -253 = -4*v - 5*p. Calculate the greatest common factor of v and 31.
31
Suppose 4*v = -155 + 163. Let c be (8/5)/((-70)/(-175)). Suppose -2*p + 82 = c*m - 0*m, -v*p = 10. Calculate the greatest common factor of 253 and m.
23
Let q = -847 - -1176. Calculate the greatest common divisor of q and 235.
47
Let d(i) = 57*i - 284. Let k be d(7). Let n = k - -459. What is the highest common divisor of 123 and n?
41
Let h(g) = -21*g - 931 + 0*g**2 + 1065 - g**2. Let s be h(-22). Calculate the greatest common factor of s and 4.
4
Let i be (-3351)/(-21) + -13 + (4 - (-462)/49). Calculate the highest common factor of i and 10.
10
Suppose 5*i - 78 = -3*u, -u = -i - 2*i + 44. Suppose -2*k = -i - 9. Let s be 40/k*168/20. What is the highest common divisor of 14 and s?
14
Suppose 0 = -2*l + 5*t + 75, 3*t + 55 - 46 = 0. Let v(q) = 16*q**2 - 6*q + 9. Let z be v(3). What is the highest common factor of z and l?
15
Let h be 36*(-1 - 2 - -2). Let u be ((-480)/18)/8*h. What is the greatest common divisor of u and 75?
15
Let f(d) = d**3 - 15*d**2 - 17*d + 47. Let z = -124 - -141. Let y be f(z). What is the greatest common divisor of y and 42?
42
Let o(q) = -99 + 198 - 126 - 28*q. Let h be o(-9). Suppose 2*b = 3*y - 6*y + 255, -h = -2*b + 3*y. What is the highest common factor of 15 and b?
15
Let c be 2 - (176/(-18) + (-6)/27). Calculate the greatest common divisor of 28 and c.
4
Let w be ((-95)/10)/((-6)/9 + 2/12). Calculate the highest common divisor of 437 and w.
19
Let h = 30091 + -26937. What is the greatest common factor of h and 456?
38
Suppose -3*r + 10*s - 135 = 14*s, 0 = 3*s. Let y = r + 56. What is the greatest common factor of y and 253?
11
Suppose 0 = 8*b + 842 + 838. Let t be 85/(-3)*b/(80/8). What is the highest common factor of t and 35?
35
Suppose -p = v - 5 - 3, -5*v = -25. Suppose -4*q = 3 + 5, 5*y + 3*q = 694. Let i = 173 - y. Calculate the highest common factor of p and i.
3
Suppose 0 = -3*p - 2*p - 3*r + 147, -r = 1. Suppose -109*f = -114*f - 125. Let g = f + 31. What is the highest common factor of g and p?
6
Suppose o + 28*m - 27*m - 14 = 0, 4*o - 3*m = 84. Calculate the greatest common divisor of o and 22.
2
Suppose -9*w + 422 = -1342. Calculate the greatest common divisor of 4 and w.
4
Suppose 2*b - 7 = -127. Let n = b - -57. Let w be (-15)/(-10) + ((-2466)/4)/n. What is the greatest common factor of w and 23?
23
Let g be 4730/8 + (-31)/124. Let x = g - 303. What is the greatest common divisor of 18 and x?
18
Suppose 0 = 4*z + 2*m - 4, 6*z - 14 = 4*z + 5*m. Let v be -6 + (-2340)/(z - 8). Calculate the highest common factor of 24 and v.
24
Let a(g) = 15*g - 17. Let d(w) = 5*w**2 - 4*w + 1. Let q be d(2). Let u be a(q). Let f = u - 123. What is the highest common factor of f and 5?
5
Let y be 142/7 + 6/(-21). Suppose -10*l - 69 + 109 = 0. Suppose l*s = 3*g + 566, -5*s + g + 3*g + 708 = 0. What is the highest common divisor of s and y?
20
Suppose -142 = 5*o - 4*b + 168, -3*o = -2*b + 188. Let r be ((-7)/(-21)*-9)/(9/o). Suppose 39 = -4*q + 259. What is the highest common divisor of r and q?
11
Let g be ((-4 - -3) + 6)*-122*(-111)/30. Calculate the highest common divisor of 148 and g.
37
Suppose 0 = g + j - 7, 5*j = -g - 0*j - 13. Suppose 305184 = -7876*k + 10188*k. What is the highest common factor of g and k?
12
Suppose 21 = 3*n + 3*x - x, -4*n + 2*x = -14. What is the highest common factor of n and 1685?
5
Let r(h) = 6*h + 177. Let p be r(-34). Let n be 12/(-27) - 633/p. What is the greatest common factor of n and 92?
23
Let y = 624 + -396. Suppose 15*z - 4*z + 14*z = 1200. Calculate the highest common factor of y and z.
12
Let n = -216 - -229. Suppose 148*i - 71306 = 11426. Calculate the greatest common divisor of n and i.
13
Let q = 16052 - 4447. What is the highest common divisor of 11 and q?
11
Let u be ((-30)/(-4))/((136/64)/17). Calculate the highest common divisor of u and 1770.
30
Let b be (-2)/4*(-18 - 198). Suppose -10*o + b = -312. Calculate the highest common factor of o and 189.
21
Let a(o) = 86*o**2 - 347*o + 46. Let b be a(4). Calculate the greatest common factor of b and 18802.
34
Let o be (-181)/724 + (-1)/4*-829. Calculate the greatest common factor of o and 162.
9
Let t = -3145 - -3514. Calculate the greatest common factor of 117 and t.
9
Let q(f) = f**2 + 26*f + 139. Let d be q(18). Calculate the highest common divisor of d and 49.
49
Let s = -60603 + 61665. Suppose 3*b - 50 = 4*x, 77 = -0*b + 4*b + 5*x. What is the highest common factor of s and b?
18
Suppose 0 = -9*l - 83 + 2. Let t be 10/2 + 9/l. Suppose t*h - 84 = -2*y, -2*y + 30 + 52 = 3*h. Calculate the greatest common divisor of y and 266.
38
Suppose w - 29698 = -80*m + 78*m, -3*m = -3*w - 44547. Calculate the greatest common divisor of m and 31.
31
Suppose -114*r - 18*r + 124740 = 0. Calculate the highest common factor of 252 and r.
63
Let n(w) = w**3 + 10*w**2 - 10*w + 13. Let b be n(-11). Let p = 88 - b. Suppose 2477 = z + 2434. What is the greatest common divisor of p and z?
43
Let j be 20/30 + 8/6. Suppose 1995 = 5*s + j*s. Suppose 3*f - 99 = s. What is the highest common divisor of f and 16?
16
Let r = 49 - 43. Suppose 15 = -o - 4*z, 3*o + 2*z + r = 1. Let x(u) = u**3 + 7*u**2 - 2*u - 5. Let d be x(-7). What is the greatest common divisor of d and o?
1
Suppose -42120 = 27*x - 63*x. What is the greatest common divisor of 1885 and x?
65
Let a(x) = x**3 + 5*x**2 - 3*x - 5. Let z be a(-4). Let w be ((-5)/(-3) - 57005/(-780))*4. Calculate the greatest common divisor of z and w.
23
Suppose 431*z = 430*z + 6. Let h(m) = 2*m**2 + 6*m. Let f be h(z). What is the highest common divisor of 90 and f?
18
Suppose -12*c + 16*c - 308 = -4*y, -301 = -4*c + 3*y. What is the highest common divisor of c and 342?
38
Suppose 0 = 3*v - 17 - 19. Let o = -65 - -21. Let y = o + 47. Calculate the highest common divisor of v and y.
3
Let f = 2453 - 2405. Calculate the highest common divisor of f and 852.
12
Let i(j) = -j**2 - 39*j + 6. Let p be i(-39). What is the highest common factor of p and 10932?
6
Let k be 96/(-624) + (-9524)/(-52). What is the highest common divisor of 183 and k?
183
Suppose 503*t - 160 = 499*t. Let f(r) = r**3 + 5*r**2 + 5*r + 9. Let x be f(-3). Calculate the greatest common factor of t and x.
4
Let c = 32 + -14. Suppose -8*j + 5 = -13*j, 7 = 2*d - j. Suppose -i + 16*s + 6 = 18*s, -3*s = d*i - 12. What is the greatest common factor of i and c?
2
Suppose 0 = 33*y - 30*y - 9. Let o be (y + 15)/((-4)/((-8)/2)). What is the greatest common divisor of 450 